uppose 2*j + 2332 = n, -12*n = -15*n - 4*j + 6986. List the prime factors of n.
2, 5, 233
Let m(i) = -i**3 - 4*i**2 + 2*i + 1676. What are the prime factors of m(0)?
2, 419
What are the prime factors of 1*(1126 - (-3 - (-48)/8))?
1123
Suppose -6*i = -428 - 724. What are the prime factors of i?
2, 3
Suppose -4*z - 2*s = 28, 0 = 3*z - 2*s - s + 12. List the prime factors of z/16 + (-1516)/(-32).
47
Let d(y) = 490*y - 696. List the prime factors of d(6).
2, 3, 11, 17
Let j = -94 - -100. Suppose -j*p - 48 + 318 = 0. What are the prime factors of p?
3, 5
Let g be 2*(-17)/(-10) - (-2)/(-5). Suppose -2*t = -l - 12, g*t - l - 13 = 6. List the prime factors of t.
7
Let d = 905 - 274. What are the prime factors of d?
631
Let d(l) be the first derivative of -l**5/10 - l**4/3 - 3*l**2/2 + 4*l - 3. Let m(x) be the first derivative of d(x). List the prime factors of m(-3).
3, 5
Suppose -170*i = -173*i + 978. List the prime factors of i.
2, 163
Let g = 58 + -51. Suppose 110 = o + 3*l - g*l, -l = -4*o + 395. List the prime factors of o.
2, 7
List the prime factors of ((-1796)/(-10))/(40/200).
2, 449
Let s(d) be the third derivative of -d**6/120 + d**5/4 + 2*d**4/3 + 2*d**3/3 - 2*d**2. Let k be s(16). Let o(c) = 10*c + 2. List the prime factors of o(k).
2, 3, 7
What are the prime factors of ((-128)/(-3))/16*2010/4?
2, 5, 67
Let y(h) = 262*h + 17. What are the prime factors of y(2)?
541
Let h(i) = i**3 + 9*i**2 + 14*i. Let l be h(-7). Suppose -5*y + 166 + 164 = l. What are the prime factors of y?
2, 3, 11
Suppose -10*c - 356 = -11*c. Suppose -c = 21*q - 23*q. List the prime factors of q.
2, 89
Let x(v) = 2*v**3 + 3*v**2 + 6*v - 5. Let r be x(4). Suppose o = -o + d - 78, 5*o + r = -2*d. Let u = 60 + o. List the prime factors of u.
3, 7
Suppose -2*f = 3*n + 2, -5*n - 2 - 18 = 0. Suppose -3*y - 8 = -5*q + 118, f*q = -y + 118. What are the prime factors of q?
2, 3
Let d(i) = 11*i**2 + 27*i + 1. What are the prime factors of d(-8)?
3, 163
Suppose 2*n + 8*p - 1428 = 3*p, -2904 = -4*n + 2*p. What are the prime factors of n?
2, 181
Suppose 2*s - 12 = 2*j, 1 = j + 3. Let u(g) = 5 + g + 8 + s. List the prime factors of u(0).
17
Let j be 2/4 + 45/6. List the prime factors of j*(-4)/(-8)*31.
2, 31
Let y(a) = 3*a**2 - 4*a - 3. Let p be y(-3). List the prime factors of 3306/p + (-1)/(-6).
2, 23
Suppose 15 = 3*l, 5*v = -2*l + 2792 - 47. What are the prime factors of v?
547
Let l(q) = q**3 + 4 + 2 + 18*q - 15*q**2 + 1. List the prime factors of l(14).
3, 7
Let i = 26 + -27. Let r(w) = 49*w**2 + 2*w. What are the prime factors of r(i)?
47
Let o(n) = -n**3 - 6*n**2 + 8*n + 7. Let z(r) = 24*r**3 + r**2 - r. Let j be z(1). Suppose -4*l - j = -l. List the prime factors of o(l).
71
Let a(l) = -l - 9. Let b be a(-14). Let o(r) = -r + 39 + r**3 - 35 + 0*r**2 + b*r**2. List the prime factors of o(-5).
3
Suppose 11*b + 101 = -9. Let q = 136 - b. List the prime factors of q.
2, 73
Let g = 26 - 23. Suppose 3*p + g*y = 24, 6*y = -2*p + 2*y + 24. What are the prime factors of -3 - (-56 + (-4)/p)?
2, 3
Let j(z) be the first derivative of 2*z**3 - 13*z**2/2 + 26*z - 23. What are the prime factors of j(7)?
229
Suppose 111 = o + 4*p, -4*p - 386 = -2*o - 140. Suppose -3*d + 76 = -o. List the prime factors of d.
5, 13
Let s(v) = -v**2 - 8*v - 10. Let b be s(-6). Suppose -f + b*h - 4 = -3*f, 0 = 5*f + 3*h - 16. Suppose 157 + 38 = f*k. What are the prime factors of k?
3, 13
Suppose l = -3*g - 11, 2*l - 6*l = g. Suppose 3 = -2*p + l. List the prime factors of p/((-4)/6)*12.
2, 3
Suppose -4*k = -5*f + 44, -f + 2*f - 10 = k. List the prime factors of (-57 - 3)/(k/9).
2, 3, 5
Suppose 7*r - 315 = 259. Let s = r + -47. What are the prime factors of s?
5, 7
Suppose -9 - 3 = -3*h. Suppose 7*x = h*x + 45. Let m = 0 + x. What are the prime factors of m?
3, 5
Let q(l) be the third derivative of -5*l**2 - 1/3*l**3 + 0 - 1/8*l**4 + 0*l + 1/30*l**5. What are the prime factors of q(-2)?
2, 3
Let p(r) = 2*r. Let x be p(7). Suppose -x*l = -16*l + 32. List the prime factors of -2 + -1 - l/(-1).
13
Let l(w) = w**2 - 23*w - 66. List the prime factors of l(35).
2, 3, 59
Let f = -499 - -536. List the prime factors of f.
37
Let b be (-6 - 0)/(3 - (-42)/(-16)). Let a(i) = -i**3 - 16*i**2 - 2*i - 3. What are the prime factors of a(b)?
29
Let z(o) = -o**3 + o**2 + 50. Suppose 0 = 12*k + 9*k - 17*k. What are the prime factors of z(k)?
2, 5
Let y be -1*(-14)/4*4. Suppose -15 + y = j. List the prime factors of (52/(-1))/(-4) + j.
2, 3
Suppose h = -2*h + 12. Let w(k) = 6*k**3 - 3*k**2 - 11*k - 5. What are the prime factors of w(h)?
7, 41
Let q(p) = -p - 2. Let o be q(-4). Let j(d) = 7 + 3 + d + o*d. What are the prime factors of j(7)?
31
Let p = 1323 + 110. List the prime factors of p.
1433
What are the prime factors of (-17)/3 + (-14)/(-21) + 1592?
3, 23
Suppose -2261 = -s - 4*g, -2*s + 4474 = 2*g - 6*g. List the prime factors of s.
5, 449
Suppose -2*a = -4 - 12. Suppose a*l + 2*l - 820 = 0. List the prime factors of l.
2, 41
Let y = 2042 - -646. List the prime factors of y.
2, 3, 7
Let z be 3 + -3 - ((0 - 523) + -1). Suppose z = 5*d + 64. List the prime factors of d.
2, 23
Suppose 3*p = 38 + 1. Suppose p*o + 55 = 18*o. List the prime factors of o.
11
Suppose -49*n + 16 = -48*n. Suppose n*h = 20*h - 576. What are the prime factors of h?
2, 3
Suppose w + 0*w = 8. Let f(j) = -j**2 + 8*j + 3. Let z be f(w). Suppose z*y + 3*g = 30, 50 = 5*y - 2*g + g. List the prime factors of y.
2, 5
Let y(c) = 4*c - 19. Let t be y(6). Suppose -r = t*p + r - 49, 2*r - 5 = -p. List the prime factors of p.
11
What are the prime factors of 617 - 1*(-12)/4?
2, 5, 31
Let q(w) = w + 15. Let p be q(-12). Let m be (p*-1)/((-12)/8). Suppose -r = 2*z + m*r - 61, 0 = -5*z + 3*r + 121. What are the prime factors of z?
2, 13
Suppose 2*n - 4*s + 74 = 0, -3*s = -4*s - 2. Let l = n - -81. What are the prime factors of l?
2, 5
Suppose 3669 = 3*i + f, -2*i - 3666 = -5*i - 2*f. List the prime factors of i.
2, 3, 17
What are the prime factors of 11/44 + (-575)/(-4)?
2, 3
Suppose 0 = -4*a + 7 + 17. Let o(c) = c**2 - c - 11. Let t be o(a). Suppose 2*s + 5*w = -2 + t, 0 = s - 3*w - 25. What are the prime factors of s?
2
Let j = -52 + 35. Let w = j + 74. What are the prime factors of w?
3, 19
Let t be -1 - (-555 + 0 + -2). What are the prime factors of (3/(-3))/((-4)/t)?
139
Let a(x) = -x**3 + 8*x**2 - 2*x + 4. Let b be a(8). Let o be -9 - (b/(-4))/3. List the prime factors of (12/o)/((-44)/2530).
3, 23
Let t(z) = 11*z**2 - z - 9. Let j(i) = -4*i + 36. Let h be j(10). List the prime factors of t(h).
3, 19
Let i(u) = u**3 + 38*u**2 - 173*u - 74. What are the prime factors of i(-42)?
2, 17
Suppose 3*h + 9 - 48 = -3*k, 2*h + 3*k = 27. Let z = h + 26. What are the prime factors of z?
2, 19
Suppose -2*w - 2412 = -6*w. What are the prime factors of w?
3, 67
Let y = -218 + 312. List the prime factors of y.
2, 47
Let i be (-2 - -8)*5/3. Suppose i + 0 = 2*k. Suppose -5*s + 10*s - 17 = -2*w, -k*w + 5 = 0. List the prime factors of s.
3
Suppose 5*v + 460 = -5*n, n = 3*v + 324 - 44. Let h = v + 95. What are the prime factors of h?
2
Suppose 0 = -5*p + 5, p - 363 = -2*h + 2*p. Let d = h + -82. List the prime factors of d.
2, 5
Let t = -149 + 157. List the prime factors of 58*(44/t - 4 - -1).
5, 29
Suppose -4*u = -104 + 32. Let q(h) = h**2 - 19*h + 24. List the prime factors of q(u).
2, 3
Suppose -3071 = -2*u - 551. List the prime factors of u.
2, 3, 5, 7
Let o = 0 - -2. Suppose 3*q - q = -o. Let k = 6 - q. List the prime factors of k.
7
Let o(g) = -16*g - 60. List the prime factors of o(-20).
2, 5, 13
Let g(b) = -385*b + 115. What are the prime factors of g(-5)?
2, 3, 5, 17
Suppose 93*x = 84*x + 1332. List the prime factors of x.
2, 37
Let u = 62 + -62. Suppose -k + 3*d = 7*d - 23, u = -4*k - 3*d + 66. What are the prime factors of k?
3, 5
Let t(m) = -m**3 - m**2 - m + 3. Let i be t(0). Suppose -i*v + v + 68 = -4*a, a - 81 = -3*v. Suppose -v = -3*x + 23. What are the prime factors of x?
17
Let a = -165 + 634. What are the prime factors of a?
7, 67
Suppose -10*n + 0*n = -550. What are the prime factors of n?
5, 11
Suppose -5*t + 4*p + 1721 = 0, t + 6*p - 3*p = 348. What are the prime factors of t?
3, 5, 23
Suppose 8118 = -52*n + 63*n. List the prime factors of n.
2, 3, 41
Suppos